
28
Calculate the remainder when 372320 is divided by 19.
15
What is the remainder when 52810 is divided by 1321?
1291
Calculate the remainder when 54330 is divided by 34.
32
What is the remainder when 7794 is divided by 372?
354
Calculate the remainder when 10941 is divided by 3643.
12
What is the remainder when 58119 is divided by 19323?
150
Calculate the remainder when 5585 is divided by 613.
68
Calculate the remainder when 7129 is divided by 2222.
463
Calculate the remainder when 151885 is divided by 257.
255
Calculate the remainder when 917551 is divided by 21.
19
Calculate the remainder when 701 is divided by 20.
1
Calculate the remainder when 142661 is divided by 18.
11
Calculate the remainder when 1844 is divided by 89.
64
Calculate the remainder when 8456 is divided by 157.
135
Calculate the remainder when 217656 is divided by 11.
10
Calculate the remainder when 26749 is divided by 42.
37
What is the remainder when 3278 is divided by 17?
14
What is the remainder when 53354 is divided by 252?
182
Calculate the remainder when 38045 is divided by 423.
398
Calculate the remainder when 5334 is divided by 5263.
71
Calculate the remainder when 4749170 is divided by 17.
16
What is the remainder when 986063 is divided by 34?
29
What is the remainder when 11786 is divided by 18?
14
What is the remainder when 2909 is divided by 730?
719
What is the remainder when 36933 is divided by 562?
403
Calculate the remainder when 2706 is divided by 38.
8
What is the remainder when 2526863 is divided by 183?
182
What is the remainder when 32216 is divided by 1781?
158
What is the remainder when 724999 is divided by 9?
4
What is the remainder when 2354 is divided by 2353?
1
Calculate the remainder when 5451 is divided by 2701.
49
Calculate the remainder when 72694 is divided by 233.
231
What is the remainder when 372 is divided by 102?
66
Calculate the remainder when 1072 is divided by 46.
14
What is the remainder when 164578 is divided by 218?
206
Calculate the remainder when 28498 is divided by 106.
90
What is the remainder when 470455 is divided by 24?
7
What is the remainder when 48153 is divided by 344?
337
Calculate the remainder when 24114 is divided by 544.
178
Calculate the remainder when 3517 is divided by 947.
676
Calculate the remainder when 5701 is divided by 41.
2
Calculate the remainder when 2213 is divided by 160.
133
What is the remainder when 1716 is divided by 23?
14
Calculate the remainder when 307759 is divided by 153875.
9
What is the remainder when 4962 is divided by 488?
82
Calculate the remainder when 5261 is divided by 265.
226
What is the remainder when 900295 is divided by 39?
19
What is the remainder when 1869249 is divided by 1078?
1075
What is the remainder when 31775 is divided by 7940?
15
Calculate the remainder when 60940 is divided by 18.
10
Calculate the remainder when 53395 is divided by 534.
529
What is the remainder when 2228 is divided by 548?
36
What is the remainder when 5511 is divided by 5493?
18
What is the remainder when 1007 is divided by 140?
27
What is the remainder when 10998 is divided by 121?
108
What is the remainder when 24359 is divided by 159?
32
What is the remainder when 3609 is divided by 92?
21
Calculate the remainder when 3726 is divided by 103.
18
What is the remainder when 9260166 is divided by 1706?
1704
Calculate the remainder when 11207429 is divided by 130.
129
What is the remainder when 38694 is divided by 19343?
8
What is the remainder when 112271 is divided by 99?
5
Calculate the remainder when 75953 is divided by 17.
14
What is the remainder when 86125 is divided by 18?
13
Calculate the remainder when 23793 is divided by 301.
14
What is the remainder when 7126 is divided by 155?
151
What is the remainder when 4461 is divided by 1346?
423
What is the remainder when 19232 is divided by 688?
656
What is the remainder when 29529 is divided by 11?
5
What is the remainder when 1168 is divided by 1114?
54
What is the remainder when 767193 is divided by 101?
98
What is the remainder when 15286 is divided by 5?
1
Calculate the remainder when 11063 is divided by 3674.
41
Calculate the remainder when 7484 is divided by 214.
208
Calculate the remainder when 4260 is divided by 1923.
414
What is the remainder when 144334 is divided by 48?
46
Calculate the remainder when 1316 is divided by 101.
3
What is the remainder when 7131 is divided by 990?
201
What is the remainder when 40605 is divided by 5789?
82
Calculate the remainder when 39118 is divided by 314.
182
Calculate the remainder when 2703623 is divided by 14.
13
Calculate the remainder when 61474 is divided by 243.
238
What is the remainder when 6089998 is divided by 84?
82
What is the remainder when 158621 is divided by 121?
111
Calculate the remainder when 83228 is divided by 94.
38
Calculate the remainder when 10164 is divided by 363.
0
Calculate the remainder when 155329 is divided by 12944.
1
Calculate the remainder when 106700 is divided by 213.
200
Calculate the remainder when 13133 is divided by 321.
293
Calculate the remainder when 11154 is divided by 2.
0
Calculate the remainder when 53524 is divided by 568.
132
What is the remainder when 10743 is divided by 671?
7
What is the remainder when 486958 is divided by 61?
56
Calculate the remainder when 119813 is divided by 22.
1
Calculate the remainder when 61709 is divided by 152.
149
Calculate the remainder when 97600 is divided by 19.
16
What is the remainder when 5056 is divided by 88?
40
What is the remainder when 7378 is divided by 615?
613
What is the remainder when 273153 is divided by 209?
199
What is the remainder when 53060 is divided by 152?
12
What is the remainder when 102566 is divided by 261?
254
What is the remainder when 750929 is divided by 375460?
9
What is the remainder when 154 is divided by 150?
4
What is the remainder when 5397 is divided by 270?
267
Calculate the remainder when 269764 is divided by 18.
16
What is the remainder when 8244 is divided by 2713?
105
Calculate the remainder when 886219 is divided by 7.
5
What is the remainder when 5017 is divided by 30?
7
What is the remainder when 1006 is divided by 146?
130
Calculate the remainder when 171937 is divided by 373.
357
Calculate the remainder when 1239 is divided by 79.
54
What is the remainder when 19333 is divided by 239?
213
Calculate the remainder when 2214 is divided by 342.
162
What is the remainder when 2795 is divided by 537?
110
What is the remainder when 3420 is divided by 111?
90
What is the remainder when 162702 is divided by 1828?
10
What is the remainder when 3852 is divided by 173?
46
What is the remainder when 83798 is divided by 97?
87
Calculate the remainder when 1167 is divided by 298.
273
Calculate the remainder when 62712 is divided by 143.
78
Calculate the remainder when 1973 is divided by 21.
20
What is the remainder when 3476 is divided by 359?
245
Calculate the remainder when 19633 is divided by 94.
81
What is the remainder when 193 is divided by 175?
18
What is the remainder when 5436 is divided by 52?
28
Calculate the remainder when 6290 is divided by 893.
39
Calculate the remainder when 54561 is divided by 277.
269
What is the remainder when 11037 is divided by 46?
43
What is the remainder when 21830 is divided by 5348?
438
What is the remainder when 2802 is divided by 247?
85
Calculate the remainder when 2251 is divided by 2192.
59
What is the remainder when 13745 is divided by 6?
5
What is the remainder when 2148378 is divided by 1288?
1282
What is the remainder when 14945 is divided by 624?
593
Calculate the remainder when 16609 is divided by 8248.
113
Calculate the remainder when 79735 is divided by 43.
13
What is the remainder when 1345 is divided by 862?
483
What is the remainder when 1688 is divided by 809?
70
Calculate the remainder when 60542 is divided by 176.
174
Calculate the remainder when 8481 is divided by 565.
6
Calculate the remainder when 2078 is divided by 123.
110
What is the remainder when 26203 is divided by 35?
23
Calculate the remainder when 807 is divided by 161.
2
What is the remainder when 11335 is divided by 9?
4
Calculate the remainder when 12852 is divided by 160.
52
Calculate the remainder when 137 is divided by 65.
7
Calculate the remainder whe